{"id":23,"date":"2017-07-30T00:09:25","date_gmt":"2017-07-29T22:09:25","guid":{"rendered":"http:\/\/jo-voss.de\/?page_id=23"},"modified":"2017-07-30T19:03:10","modified_gmt":"2017-07-30T17:03:10","slug":"vita","status":"publish","type":"page","link":"https:\/\/jo-voss.de\/?page_id=23","title":{"rendered":"Vita"},"content":{"rendered":"<figure id=\"attachment_28\" aria-describedby=\"caption-attachment-28\" style=\"width: 300px\" class=\"wp-caption alignright\"><img loading=\"lazy\" decoding=\"async\" src=\"http:\/\/jo-voss.de\/wp-content\/uploads\/2017\/07\/20081125_JV_Wersich-300x217.jpg\" alt=\"Bundesverdienstkreuz f\u00fcr Joachim Vo\u00df: Sozialsenator Dietrich Wersich, Hamburg, 25.11.08\" width=\"300\" height=\"217\" class=\"size-medium wp-image-28\" srcset=\"https:\/\/jo-voss.de\/wp-content\/uploads\/2017\/07\/20081125_JV_Wersich-300x217.jpg 300w, https:\/\/jo-voss.de\/wp-content\/uploads\/2017\/07\/20081125_JV_Wersich-240x174.jpg 240w, https:\/\/jo-voss.de\/wp-content\/uploads\/2017\/07\/20081125_JV_Wersich.jpg 326w\" sizes=\"(max-width: 300px) 100vw, 300px\" \/><figcaption id=\"caption-attachment-28\" class=\"wp-caption-text\">Bundesverdienstkreuz f\u00fcr Joachim Vo\u00df: Sozialsenator Dietrich Wersich, Hamburg, 25.11.08<\/figcaption><\/figure>\n<strong>Person<\/strong><\/p>\n<ul>\n<li>Beruf: Versicherungsfachwirt i. R.<\/li>\n<li>Hobbys: Bergwandern, Sport, Sozial- und Krankenversicherung<\/li>\n<li>verwitwet<\/li>\n<li>zwei Kinder<\/li>\n<li>vier Enkel<\/li>\n<li>Tr\u00e4ger des Verdienstkreuzes am Bande des Verdienstordens der Bundesrepublik Deutschland<\/li>\n<\/ul>\n<p><strong>Beruf<\/strong><\/p>\n<ul>\n<li>1950-1953: Lehrling\/Vers.-Kaufmann FRANKFURTER Vers.AG<\/li>\n<li>1953-1955: Sachbearbeiter Kraftschadenabt. FRANKFURTER<\/li>\n<li>1955-1957: Leiter d. Vers.Abt. bei Finanz- u.Vers.Agentur R&amp;Co<\/li>\n<li>1957-1973: Sachbearbeiter\/Gruppenleiter\/ Innendienstleiter der Organisationsabt. der FRANKFURTER Vers. AG<\/li>\n<li>1973-1995: Leiter der Versicherungsabteilung der VOLKSBANK Hamburg; Sprecher des Arbeitskreises Versicherungen einiger Volks- und Raiffeisen-Banken<\/li>\n<\/ul>\n<p><strong>Barmer<\/strong><br \/>\n<figure id=\"attachment_35\" aria-describedby=\"caption-attachment-35\" style=\"width: 300px\" class=\"wp-caption alignright\"><img loading=\"lazy\" decoding=\"async\" src=\"http:\/\/jo-voss.de\/wp-content\/uploads\/2017\/07\/19931005_Joachim_Voss_Koblenz_Barmer-300x195.jpg\" alt=\"Joachim Vo\u00df, Koblenz, 05.10.1993\" width=\"300\" height=\"195\" class=\"size-medium wp-image-35\" srcset=\"https:\/\/jo-voss.de\/wp-content\/uploads\/2017\/07\/19931005_Joachim_Voss_Koblenz_Barmer-300x195.jpg 300w, https:\/\/jo-voss.de\/wp-content\/uploads\/2017\/07\/19931005_Joachim_Voss_Koblenz_Barmer-768x499.jpg 768w, https:\/\/jo-voss.de\/wp-content\/uploads\/2017\/07\/19931005_Joachim_Voss_Koblenz_Barmer-1024x665.jpg 1024w, https:\/\/jo-voss.de\/wp-content\/uploads\/2017\/07\/19931005_Joachim_Voss_Koblenz_Barmer-240x156.jpg 240w, https:\/\/jo-voss.de\/wp-content\/uploads\/2017\/07\/19931005_Joachim_Voss_Koblenz_Barmer.jpg 1727w\" sizes=\"(max-width: 300px) 100vw, 300px\" \/><figcaption id=\"caption-attachment-35\" class=\"wp-caption-text\">Joachim Vo\u00df, Koblenz, 05.10.1993<\/figcaption><\/figure>\n<p><strong>1977-2009: Mitglied der Selbstverwaltung<\/strong><\/p>\n<ul>\n<li>1977-1985: Vertreterversammlung<\/li>\n<li>1985-1993: Vorstand<\/li>\n<li>1989-1993: Gesundheits-Ausschuss (zeitweise Vorsitzender)<\/li>\n<li>1993-1996: stv. Vorsitzender der Vertreterversammlung<\/li>\n<li>1996-2009: Verwaltungsrat<\/li>\n<li>1996-1999: Hauptausschuss<\/li>\n<li>1996-2009: Gesundheits-Ausschuss<\/li>\n<\/ul>\n<p><strong>weitere Aufgaben<\/strong><\/p>\n<ul>\n<li>seit 1977: Mitglied in der Barmer GEK-Gemeinschaft (vormals Interessengemeinschaft), Gewerkschaftsunabh\u00e4ngige Intereressenvertretung f\u00fcr Mitglieder, Versicherte, Patienten und Rentner seit 1958 e.V.<\/li>\n<li>1981-2009: Delegierter in der Arbeitsgemeinschaft unabh\u00e4ngiger Mitgliedergemeinschaften der Angestelltenkrankenkassen (AGuM) e.V.<\/li>\n<li>1986-2009: Mitglied in der Mitgliederversammlung des VdAK, Verband der Angestellten Krankenkassen e.V.<\/li>\n<li>2002-2008: Sprecher des Arbeitskreises Nord (Hamburg, Schleswig-Holstein, Niedersachsen) der AGuM<\/li>\n<\/ul>\n<figure id=\"attachment_5\" aria-describedby=\"caption-attachment-5\" style=\"width: 1600px\" class=\"wp-caption aligncenter\"><img loading=\"lazy\" decoding=\"async\" src=\"http:\/\/jo-voss.de\/wp-content\/uploads\/2017\/07\/20100915_JoVo_Achensee.jpg\" alt=\"Joachim Vo\u00df \u00fcber dem Achensee, 15.09.10\" width=\"1600\" height=\"1200\" class=\"size-full wp-image-5\" srcset=\"https:\/\/jo-voss.de\/wp-content\/uploads\/2017\/07\/20100915_JoVo_Achensee.jpg 1600w, https:\/\/jo-voss.de\/wp-content\/uploads\/2017\/07\/20100915_JoVo_Achensee-300x225.jpg 300w, https:\/\/jo-voss.de\/wp-content\/uploads\/2017\/07\/20100915_JoVo_Achensee-768x576.jpg 768w, https:\/\/jo-voss.de\/wp-content\/uploads\/2017\/07\/20100915_JoVo_Achensee-1024x768.jpg 1024w, https:\/\/jo-voss.de\/wp-content\/uploads\/2017\/07\/20100915_JoVo_Achensee-240x180.jpg 240w\" sizes=\"(max-width: 1600px) 100vw, 1600px\" \/><figcaption id=\"caption-attachment-5\" class=\"wp-caption-text\">Joachim Vo\u00df \u00fcber dem Achensee, 15.09.10<\/figcaption><\/figure>\n<p><strong>Bergwanderf\u00fchrer<\/strong><\/p>\n<ul>\n<li>gepr\u00fcfter und autorisierter Tiroler Bergwanderf\u00fchrer<\/li>\n<li>staatlich gepr\u00fcfter (\u00d6sterreich) Lehrwart Wandern<\/li>\n<li>diverse F\u00fchrungen in Deutschland und \u00d6sterreich f\u00fcr die Alpinschule Innsbruck, f\u00fcr Hotel Achentalerhof, Tirol und andere Vereine<\/li>\n<\/ul>\n<p><strong>Sport<\/strong><br \/>\n\u00fcber Fu\u00dfball und Handball zum aktiven Leichtathleten:<\/p>\n<ul>\n<li>Mittelstrecken und Internationaler leichtathletischer F\u00fcnfkampf<\/li>\n<li>1953-1964: \u00dcbungsleiter (DLV gepr\u00fcft) f\u00fcr ALTONA 93<\/li>\n<li>1958-1973: \u00dcbungsleiter (DLV gepr\u00fcft) f\u00fcr Wei\u00df-Blau ALLIANZ<\/li>\n<li>1961-1963: Leichtathletik-Spartenleiter Hamburger Betriebssportverband<\/li>\n<li>1965-1973: Leichtathletik-Spartenleiter Verein Wei\u00df-Blau ALLIANZ<\/li>\n<li>1962-1973: Mitglied im Vorstand Wei\u00df-Blau ALLIANZ<\/li>\n<li>Vereinsmeister, Kreismeister, Hamburger Betriebssportmeister, Deutscher Allianz-Meister<\/li>\n<\/ul>\n<p>&nbsp;<\/p>\n<p>&nbsp;<\/p>\n<p>&nbsp;<\/p>\n","protected":false},"excerpt":{"rendered":"<p>Person Beruf: Versicherungsfachwirt i. R. Hobbys: Bergwandern, Sport, Sozial- und Krankenversicherung verwitwet zwei Kinder vier Enkel Tr\u00e4ger des Verdienstkreuzes am [&hellip;]<\/p>\n","protected":false},"author":1,"featured_media":0,"parent":0,"menu_order":700,"comment_status":"closed","ping_status":"closed","template":"","meta":{"footnotes":""},"_links":{"self":[{"href":"https:\/\/jo-voss.de\/index.php?rest_route=\/wp\/v2\/pages\/23"}],"collection":[{"href":"https:\/\/jo-voss.de\/index.php?rest_route=\/wp\/v2\/pages"}],"about":[{"href":"https:\/\/jo-voss.de\/index.php?rest_route=\/wp\/v2\/types\/page"}],"author":[{"embeddable":true,"href":"https:\/\/jo-voss.de\/index.php?rest_route=\/wp\/v2\/users\/1"}],"replies":[{"embeddable":true,"href":"https:\/\/jo-voss.de\/index.php?rest_route=%2Fwp%2Fv2%2Fcomments&post=23"}],"version-history":[{"count":18,"href":"https:\/\/jo-voss.de\/index.php?rest_route=\/wp\/v2\/pages\/23\/revisions"}],"predecessor-version":[{"id":125,"href":"https:\/\/jo-voss.de\/index.php?rest_route=\/wp\/v2\/pages\/23\/revisions\/125"}],"wp:attachment":[{"href":"https:\/\/jo-voss.de\/index.php?rest_route=%2Fwp%2Fv2%2Fmedia&parent=23"}],"curies":[{"name":"wp","href":"https:\/\/api.w.org\/{rel}","templated":true}]}}

<figure id="attachment_28" aria-describedby="caption-attachment-28" style="width: 300px" class="wp-caption alignright"><img loading="lazy" decoding="async" src="http://jo-voss.de/wp-content/uploads/2017/07/20081125_JV_Wersich-300x217.jpg" alt="Bundesverdienstkreuz für Joachim Voß: Sozialsenator Dietrich Wersich, Hamburg, 25.11.08" width="300" height="217" class="size-medium wp-image-28" srcset="https://jo-voss.de/wp-content/uploads/2017/07/20081125_JV_Wersich-300x217.jpg 300w, https://jo-voss.de/wp-content/uploads/2017/07/20081125_JV_Wersich-240x174.jpg 240w, https://jo-voss.de/wp-content/uploads/2017/07/20081125_JV_Wersich.jpg 326w" sizes="(max-width: 300px) 100vw, 300px" /><figcaption id="caption-attachment-28" class="wp-caption-text">Bundesverdienstkreuz für Joachim Voß: Sozialsenator Dietrich Wersich, Hamburg, 25.11.08</figcaption></figure>
<strong>Person</strong></p>
<ul>
<li>Beruf: Versicherungsfachwirt i. R.</li>
<li>Hobbys: Bergwandern, Sport, Sozial- und Krankenversicherung</li>
<li>verwitwet</li>
<li>zwei Kinder</li>
<li>vier Enkel</li>
<li>Träger des Verdienstkreuzes am Bande des Verdienstordens der Bundesrepublik Deutschland</li>
</ul>
<p><strong>Beruf</strong></p>
<ul>
<li>1950-1953: Lehrling/Vers.-Kaufmann FRANKFURTER Vers.AG</li>
<li>1953-1955: Sachbearbeiter Kraftschadenabt. FRANKFURTER</li>
<li>1955-1957: Leiter d. Vers.Abt. bei Finanz- u.Vers.Agentur R&amp;Co</li>
<li>1957-1973: Sachbearbeiter/Gruppenleiter/ Innendienstleiter der Organisationsabt. der FRANKFURTER Vers. AG</li>
<li>1973-1995: Leiter der Versicherungsabteilung der VOLKSBANK Hamburg; Sprecher des Arbeitskreises Versicherungen einiger Volks- und Raiffeisen-Banken</li>
</ul>
<p><strong>Barmer</strong><br />
<figure id="attachment_35" aria-describedby="caption-attachment-35" style="width: 300px" class="wp-caption alignright"><img loading="lazy" decoding="async" src="http://jo-voss.de/wp-content/uploads/2017/07/19931005_Joachim_Voss_Koblenz_Barmer-300x195.jpg" alt="Joachim Voß, Koblenz, 05.10.1993" width="300" height="195" class="size-medium wp-image-35" srcset="https://jo-voss.de/wp-content/uploads/2017/07/19931005_Joachim_Voss_Koblenz_Barmer-300x195.jpg 300w, https://jo-voss.de/wp-content/uploads/2017/07/19931005_Joachim_Voss_Koblenz_Barmer-768x499.jpg 768w, https://jo-voss.de/wp-content/uploads/2017/07/19931005_Joachim_Voss_Koblenz_Barmer-1024x665.jpg 1024w, https://jo-voss.de/wp-content/uploads/2017/07/19931005_Joachim_Voss_Koblenz_Barmer-240x156.jpg 240w, https://jo-voss.de/wp-content/uploads/2017/07/19931005_Joachim_Voss_Koblenz_Barmer.jpg 1727w" sizes="(max-width: 300px) 100vw, 300px" /><figcaption id="caption-attachment-35" class="wp-caption-text">Joachim Voß, Koblenz, 05.10.1993</figcaption></figure>
<p><strong>1977-2009: Mitglied der Selbstverwaltung</strong></p>
<ul>
<li>1977-1985: Vertreterversammlung</li>
<li>1985-1993: Vorstand</li>
<li>1989-1993: Gesundheits-Ausschuss (zeitweise Vorsitzender)</li>
<li>1993-1996: stv. Vorsitzender der Vertreterversammlung</li>
<li>1996-2009: Verwaltungsrat</li>
<li>1996-1999: Hauptausschuss</li>
<li>1996-2009: Gesundheits-Ausschuss</li>
</ul>
<p><strong>weitere Aufgaben</strong></p>
<ul>
<li>seit 1977: Mitglied in der Barmer GEK-Gemeinschaft (vormals Interessengemeinschaft), Gewerkschaftsunabhängige Intereressenvertretung für Mitglieder, Versicherte, Patienten und Rentner seit 1958 e.V.</li>
<li>1981-2009: Delegierter in der Arbeitsgemeinschaft unabhängiger Mitgliedergemeinschaften der Angestelltenkrankenkassen (AGuM) e.V.</li>
<li>1986-2009: Mitglied in der Mitgliederversammlung des VdAK, Verband der Angestellten Krankenkassen e.V.</li>
<li>2002-2008: Sprecher des Arbeitskreises Nord (Hamburg, Schleswig-Holstein, Niedersachsen) der AGuM</li>
</ul>
<figure id="attachment_5" aria-describedby="caption-attachment-5" style="width: 1600px" class="wp-caption aligncenter"><img loading="lazy" decoding="async" src="http://jo-voss.de/wp-content/uploads/2017/07/20100915_JoVo_Achensee.jpg" alt="Joachim Voß über dem Achensee, 15.09.10" width="1600" height="1200" class="size-full wp-image-5" srcset="https://jo-voss.de/wp-content/uploads/2017/07/20100915_JoVo_Achensee.jpg 1600w, https://jo-voss.de/wp-content/uploads/2017/07/20100915_JoVo_Achensee-300x225.jpg 300w, https://jo-voss.de/wp-content/uploads/2017/07/20100915_JoVo_Achensee-768x576.jpg 768w, https://jo-voss.de/wp-content/uploads/2017/07/20100915_JoVo_Achensee-1024x768.jpg 1024w, https://jo-voss.de/wp-content/uploads/2017/07/20100915_JoVo_Achensee-240x180.jpg 240w" sizes="(max-width: 1600px) 100vw, 1600px" /><figcaption id="caption-attachment-5" class="wp-caption-text">Joachim Voß über dem Achensee, 15.09.10</figcaption></figure>
<p><strong>Bergwanderführer</strong></p>
<ul>
<li>geprüfter und autorisierter Tiroler Bergwanderführer</li>
<li>staatlich geprüfter (Österreich) Lehrwart Wandern</li>
<li>diverse Führungen in Deutschland und Österreich für die Alpinschule Innsbruck, für Hotel Achentalerhof, Tirol und andere Vereine</li>
</ul>
<p><strong>Sport</strong><br />
über Fußball und Handball zum aktiven Leichtathleten:</p>
<ul>
<li>Mittelstrecken und Internationaler leichtathletischer Fünfkampf</li>
<li>1953-1964: Übungsleiter (DLV geprüft) für ALTONA 93</li>
<li>1958-1973: Übungsleiter (DLV geprüft) für Weiß-Blau ALLIANZ</li>
<li>1961-1963: Leichtathletik-Spartenleiter Hamburger Betriebssportverband</li>
<li>1965-1973: Leichtathletik-Spartenleiter Verein Weiß-Blau ALLIANZ</li>
<li>1962-1973: Mitglied im Vorstand Weiß-Blau ALLIANZ</li>
<li>Vereinsmeister, Kreismeister, Hamburger Betriebssportmeister, Deutscher Allianz-Meister</li>
</ul>
<p>&nbsp;</p>
<p>&nbsp;</p>
<p>&nbsp;</p>

<p>Person Beruf: Versicherungsfachwirt i. R. Hobbys: Bergwandern, Sport, Sozial- und Krankenversicherung verwitwet zwei Kinder vier Enkel Träger des Verdienstkreuzes am [&hellip;]</p>
