{"id":100,"date":"2017-07-30T15:21:52","date_gmt":"2017-07-30T13:21:52","guid":{"rendered":"http:\/\/jo-voss.de\/?page_id=100"},"modified":"2017-07-30T17:30:04","modified_gmt":"2017-07-30T15:30:04","slug":"buecher","status":"publish","type":"page","link":"https:\/\/jo-voss.de\/?page_id=100","title":{"rendered":"B\u00fccher"},"content":{"rendered":"<div class=\"su-youtube su-u-responsive-media-yes\"><iframe loading=\"lazy\" width=\"600\" height=\"400\" src=\"https:\/\/www.youtube.com\/embed\/eDKEp22AtJo?\" frameborder=\"0\" allowfullscreen allow=\"autoplay; encrypted-media; picture-in-picture\" title=\"\"><\/iframe><\/div>\n<h3>Das R\u00e4tsel vom Polenztal<\/h3>\n\n\n<div class=\"su-posts su-posts-single-post \">\n\n\t\t\t\t\t\t\n\t\t\t\n\t\t\t<div id=\"su-post-52\" class=\"su-post \">\n\t\t\t\t<h1 class=\"su-post-title\">Mein neuer Roman ist erschienen: &#8222;Das R\u00e4tsel vom Polenztal&#8220;<\/h1>\n\t\t\t\t<div class=\"su-post-meta\">\n\t\t\t\t\tVer\u00f6ffentlicht:\n\t\t\t\t\t20. September 2009\t\t\t\t\t\t\t\t\t\t\t|\n\t\t\t\t\t\t<a href=\"https:\/\/jo-voss.de\/?p=52#respond\" class=\"su-post-comments-link\">\n\t\t\t\t\t\t\t0 Kommentare\t\t\t\t\t\t<\/a>\n\t\t\t\t\t\t\t\t\t<\/div>\n\t\t\t\t<div class=\"su-post-content\">\n\t\t\t\t\t<p>Mein neuer Roman ist erschienen: &#8222;Das R\u00e4tsel vom Polenztal&#8220; (ISBN 9783852518336).<\/p>\n<figure id=\"attachment_53\" aria-describedby=\"caption-attachment-53\" style=\"width: 190px\" class=\"wp-caption alignright\"><a href=\"http:\/\/jo-voss.de\/wp-content\/uploads\/2017\/07\/Raetsel-Titel_kl.jpg\"><img loading=\"lazy\" decoding=\"async\" src=\"http:\/\/jo-voss.de\/wp-content\/uploads\/2017\/07\/Raetsel-Titel_kl.jpg\" alt=\"Das R\u00e4tsel vom Polenztal\" width=\"190\" height=\"304\" class=\"size-full wp-image-53\" srcset=\"https:\/\/jo-voss.de\/wp-content\/uploads\/2017\/07\/Raetsel-Titel_kl.jpg 190w, https:\/\/jo-voss.de\/wp-content\/uploads\/2017\/07\/Raetsel-Titel_kl-188x300.jpg 188w, https:\/\/jo-voss.de\/wp-content\/uploads\/2017\/07\/Raetsel-Titel_kl-150x240.jpg 150w\" sizes=\"(max-width: 190px) 100vw, 190px\" \/><\/a><figcaption id=\"caption-attachment-53\" class=\"wp-caption-text\">Das R\u00e4tsel vom Polenztal<\/figcaption><\/figure>Eigentlich wollte der Hamburger Kriminal-Hauptkommissar Marcus Nase, genannt &#8222;Riecher&#8220;, nur an einer von seinem Freund, dem autorisierten Tiroler Bergwanderf\u00fchrer Johann Vols, gef\u00fchrten Wanderwoche in der S\u00e4chsischen Schweiz teilnehmen. Zur gleichen Zeit fand in dieser wundesch\u00f6nen, bizarren Gegend die Entf\u00fchrung des mit einer geheimen Entwicklung beauftragten Juniorchefs eines mittelst\u00e4ndischen Unternehmens statt. Von der \u00f6rtlichen Polizei wurde Marcus Nase mit in die komplizierten Ermittlungen hineingezogen. Das L\u00f6segeld wurde angeblich an der Polenz gezahlt. Aber gerade daraufhin gab es unerwartete neue Verwicklungen.<\/p>\n<p>Der Leser wird bei der Lekt\u00fcre dieses Romans viele der authentisch geschilderten Wanderwege und Orte wiedererkennen oder zu einem Besuch dieser einmaligen Gegend animiert werden.<\/p>\n<p>Weitere Informationen gibt es auf der <a href=\"http:\/\/das-raetsel-vom-polenztal.de\/\" target=\"_blank\">Homepage des Buches.<\/a><\/p>\n\t\t\t\t<\/div>\n\t\t\t<\/div>\n\n\t\t\t\t\n<\/div>\n\n\n\n<div class=\"su-posts su-posts-single-post \">\n\n\t\t\t\t\t\t\n\t\t\t\n\t\t\t<div id=\"su-post-56\" class=\"su-post \">\n\t\t\t\t<h1 class=\"su-post-title\">&#8222;Das R\u00e4tsel vom Polenztal&#8220; mit eigenem Internetauftritt<\/h1>\n\t\t\t\t<div class=\"su-post-meta\">\n\t\t\t\t\tVer\u00f6ffentlicht:\n\t\t\t\t\t3. Juli 2009\t\t\t\t\t\t\t\t\t\t\t|\n\t\t\t\t\t\t<a href=\"https:\/\/jo-voss.de\/?p=56#respond\" class=\"su-post-comments-link\">\n\t\t\t\t\t\t\t0 Kommentare\t\t\t\t\t\t<\/a>\n\t\t\t\t\t\t\t\t\t<\/div>\n\t\t\t\t<div class=\"su-post-content\">\n\t\t\t\t\t<p>Das neue Buch von Joachim Vo\u00df, &#8222;Das R\u00e4tsel vom Polenztal&#8220;, hat jetzt einen eigenen Internetauftritt. Sie erreichen die Homepage unter <a href=\"http:\/\/www.das-raetsel-vom-polenztal.de\" target=\"_blank\">http:\/\/www.das-raetsel-vom-polenztal.de<\/a>.<\/p>\n\t\t\t\t<\/div>\n\t\t\t<\/div>\n\n\t\t\t\t\n<\/div>\n\n<h3>Das Geheimnis des Klausners vom Achensee<\/h3>\n\n\n<div class=\"su-posts su-posts-single-post \">\n\n\t\t\t\t\t\t\n\t\t\t\n\t\t\t<div id=\"su-post-111\" class=\"su-post \">\n\t\t\t\t<h1 class=\"su-post-title\">&#8222;Das Geheimnis des Klausners vom Achensee&#8220; erschienen<\/h1>\n\t\t\t\t<div class=\"su-post-meta\">\n\t\t\t\t\tVer\u00f6ffentlicht:\n\t\t\t\t\t26. Dezember 2012\t\t\t\t\t\t\t\t\t\t\t|\n\t\t\t\t\t\t<a href=\"https:\/\/jo-voss.de\/?p=111#respond\" class=\"su-post-comments-link\">\n\t\t\t\t\t\t\t0 Kommentare\t\t\t\t\t\t<\/a>\n\t\t\t\t\t\t\t\t\t<\/div>\n\t\t\t\t<div class=\"su-post-content\">\n\t\t\t\t\t<p>Mein neuer Roman &#8222;Das Geheimnis des Klausners vom Achensee&#8220; ist jetzt erschienen.<\/p>\n<figure id=\"attachment_113\" aria-describedby=\"caption-attachment-113\" style=\"width: 197px\" class=\"wp-caption alignright\"><a href=\"http:\/\/jo-voss.de\/wp-content\/uploads\/2017\/07\/Titel_Das_Geheimnis_kl.jpg\"><img loading=\"lazy\" decoding=\"async\" src=\"http:\/\/jo-voss.de\/wp-content\/uploads\/2017\/07\/Titel_Das_Geheimnis_kl.jpg\" alt=\"\u201eDas Geheimnis des Klausners vom Achensee\u201c\" width=\"197\" height=\"319\" class=\"size-full wp-image-113\" srcset=\"https:\/\/jo-voss.de\/wp-content\/uploads\/2017\/07\/Titel_Das_Geheimnis_kl.jpg 197w, https:\/\/jo-voss.de\/wp-content\/uploads\/2017\/07\/Titel_Das_Geheimnis_kl-185x300.jpg 185w, https:\/\/jo-voss.de\/wp-content\/uploads\/2017\/07\/Titel_Das_Geheimnis_kl-148x240.jpg 148w\" sizes=\"(max-width: 197px) 100vw, 197px\" \/><\/a><figcaption id=\"caption-attachment-113\" class=\"wp-caption-text\">\u201eDas Geheimnis des Klausners vom Achensee\u201c<\/figcaption><\/figure>Aus dem selbstbewussten schlesischen Grafensohn wird durch Schicksalsschl\u00e4ge ein menschenscheuer und zur\u00fcckgezogen in einer einsamen H\u00fctte lebender Mann.<\/p>\n<p>Dem im Achental auf Urlaub befindlichen pensionierten Kriminalist Marcus Nase, genannt `Riecher\u00b4, gelingt es, dass der Klausner ihm seine gesamte Geschichte erz\u00e4hlt. Von der Flucht 1945 aus Schlesien, \u00fcber seine ihm zugewiesene neue Heimat, seiner Heirat, einem schweren Unfall, einem Feuer, bis zu seiner Ankunft in der H\u00fctte am Achensee.<\/p>\n<p>Dem `Riecher\u00b4 l\u00e4sst diese ans Herz gehende Erz\u00e4hlung keine Ruhe. Er forscht in der Vergangenheit des Einsiedlers nach. Dabei st\u00f6\u00dft er auf schlimme F\u00e4lle von Mobbing und Vorverurteilungen.<\/p>\n<p>Wie wird der Klausner und Pferdefreund mit der Wahrheit fertig werden?<\/p>\n<p>Mehr Informationen zu dem Buch und Bestellm\u00f6glichkeiten gibt es <a href=\"http:\/\/dasgeheimnisdesklausnersvomachensee.blogspot.de\/\" target=\"_blank\">hier<\/a>.<\/p>\n\t\t\t\t<\/div>\n\t\t\t<\/div>\n\n\t\t\t\t\n<\/div>\n\n<h3>Buchbestellungen<\/h3>\n<p><script type=\"text\/javascript\"><!--\namazon_ad_tag=\"geheimnisachensee-21\"; \namazon_ad_width=\"300\"; \namazon_ad_height=\"250\"; \namazon_color_border=\"FFFFFF\"; \namazon_color_logo=\"000000\"; \namazon_color_link=\"A43907\"; \namazon_ad_logo=\"hide\"; \namazon_ad_link_target=\"new\"; \namazon_ad_border=\"hide\"; \namazon_ad_title=\"B\u00fccher von Joachim Vo\u00df\"; \/\/--><\/script><br \/>\n<script src=\"http:\/\/www.assoc-amazon.de\/s\/asw.js\" type=\"text\/javascript\"><\/script><\/p>\n","protected":false},"excerpt":{"rendered":"<p>Das R\u00e4tsel vom Polenztal Das Geheimnis des Klausners vom Achensee Buchbestellungen<\/p>\n","protected":false},"author":1,"featured_media":0,"parent":0,"menu_order":500,"comment_status":"closed","ping_status":"closed","template":"","meta":{"footnotes":""},"_links":{"self":[{"href":"https:\/\/jo-voss.de\/index.php?rest_route=\/wp\/v2\/pages\/100"}],"collection":[{"href":"https:\/\/jo-voss.de\/index.php?rest_route=\/wp\/v2\/pages"}],"about":[{"href":"https:\/\/jo-voss.de\/index.php?rest_route=\/wp\/v2\/types\/page"}],"author":[{"embeddable":true,"href":"https:\/\/jo-voss.de\/index.php?rest_route=\/wp\/v2\/users\/1"}],"replies":[{"embeddable":true,"href":"https:\/\/jo-voss.de\/index.php?rest_route=%2Fwp%2Fv2%2Fcomments&post=100"}],"version-history":[{"count":14,"href":"https:\/\/jo-voss.de\/index.php?rest_route=\/wp\/v2\/pages\/100\/revisions"}],"predecessor-version":[{"id":123,"href":"https:\/\/jo-voss.de\/index.php?rest_route=\/wp\/v2\/pages\/100\/revisions\/123"}],"wp:attachment":[{"href":"https:\/\/jo-voss.de\/index.php?rest_route=%2Fwp%2Fv2%2Fmedia&parent=100"}],"curies":[{"name":"wp","href":"https:\/\/api.w.org\/{rel}","templated":true}]}}

Bücher

<div class="su-youtube su-u-responsive-media-yes"><iframe loading="lazy" width="600" height="400" src="https://www.youtube.com/embed/eDKEp22AtJo?" frameborder="0" allowfullscreen allow="autoplay; encrypted-media; picture-in-picture" title=""></iframe></div>
<h3>Das Rätsel vom Polenztal</h3>


<div class="su-posts su-posts-single-post ">

						
			
			<div id="su-post-52" class="su-post ">
				<h1 class="su-post-title">Mein neuer Roman ist erschienen: &#8222;Das Rätsel vom Polenztal&#8220;</h1>
				<div class="su-post-meta">
					Veröffentlicht:
					20. September 2009											|
						<a href="https://jo-voss.de/?p=52#respond" class="su-post-comments-link">
							0 Kommentare						</a>
									</div>
				<div class="su-post-content">
					<p>Mein neuer Roman ist erschienen: &#8222;Das Rätsel vom Polenztal&#8220; (ISBN 9783852518336).</p>
<figure id="attachment_53" aria-describedby="caption-attachment-53" style="width: 190px" class="wp-caption alignright"><a href="http://jo-voss.de/wp-content/uploads/2017/07/Raetsel-Titel_kl.jpg"><img loading="lazy" decoding="async" src="http://jo-voss.de/wp-content/uploads/2017/07/Raetsel-Titel_kl.jpg" alt="Das Rätsel vom Polenztal" width="190" height="304" class="size-full wp-image-53" srcset="https://jo-voss.de/wp-content/uploads/2017/07/Raetsel-Titel_kl.jpg 190w, https://jo-voss.de/wp-content/uploads/2017/07/Raetsel-Titel_kl-188x300.jpg 188w, https://jo-voss.de/wp-content/uploads/2017/07/Raetsel-Titel_kl-150x240.jpg 150w" sizes="(max-width: 190px) 100vw, 190px" /></a><figcaption id="caption-attachment-53" class="wp-caption-text">Das Rätsel vom Polenztal</figcaption></figure>Eigentlich wollte der Hamburger Kriminal-Hauptkommissar Marcus Nase, genannt &#8222;Riecher&#8220;, nur an einer von seinem Freund, dem autorisierten Tiroler Bergwanderführer Johann Vols, geführten Wanderwoche in der Sächsischen Schweiz teilnehmen. Zur gleichen Zeit fand in dieser wundeschönen, bizarren Gegend die Entführung des mit einer geheimen Entwicklung beauftragten Juniorchefs eines mittelständischen Unternehmens statt. Von der örtlichen Polizei wurde Marcus Nase mit in die komplizierten Ermittlungen hineingezogen. Das Lösegeld wurde angeblich an der Polenz gezahlt. Aber gerade daraufhin gab es unerwartete neue Verwicklungen.</p>
<p>Der Leser wird bei der Lektüre dieses Romans viele der authentisch geschilderten Wanderwege und Orte wiedererkennen oder zu einem Besuch dieser einmaligen Gegend animiert werden.</p>
<p>Weitere Informationen gibt es auf der <a href="http://das-raetsel-vom-polenztal.de/" target="_blank">Homepage des Buches.</a></p>
				</div>
			</div>

				
</div>



<div class="su-posts su-posts-single-post ">

						
			
			<div id="su-post-56" class="su-post ">
				<h1 class="su-post-title">&#8222;Das Rätsel vom Polenztal&#8220; mit eigenem Internetauftritt</h1>
				<div class="su-post-meta">
					Veröffentlicht:
					3. Juli 2009											|
						<a href="https://jo-voss.de/?p=56#respond" class="su-post-comments-link">
							0 Kommentare						</a>
									</div>
				<div class="su-post-content">
					<p>Das neue Buch von Joachim Voß, &#8222;Das Rätsel vom Polenztal&#8220;, hat jetzt einen eigenen Internetauftritt. Sie erreichen die Homepage unter <a href="http://www.das-raetsel-vom-polenztal.de" target="_blank">http://www.das-raetsel-vom-polenztal.de</a>.</p>
				</div>
			</div>

				
</div>

<h3>Das Geheimnis des Klausners vom Achensee</h3>


<div class="su-posts su-posts-single-post ">

						
			
			<div id="su-post-111" class="su-post ">
				<h1 class="su-post-title">&#8222;Das Geheimnis des Klausners vom Achensee&#8220; erschienen</h1>
				<div class="su-post-meta">
					Veröffentlicht:
					26. Dezember 2012											|
						<a href="https://jo-voss.de/?p=111#respond" class="su-post-comments-link">
							0 Kommentare						</a>
									</div>
				<div class="su-post-content">
					<p>Mein neuer Roman &#8222;Das Geheimnis des Klausners vom Achensee&#8220; ist jetzt erschienen.</p>
<figure id="attachment_113" aria-describedby="caption-attachment-113" style="width: 197px" class="wp-caption alignright"><a href="http://jo-voss.de/wp-content/uploads/2017/07/Titel_Das_Geheimnis_kl.jpg"><img loading="lazy" decoding="async" src="http://jo-voss.de/wp-content/uploads/2017/07/Titel_Das_Geheimnis_kl.jpg" alt="„Das Geheimnis des Klausners vom Achensee“" width="197" height="319" class="size-full wp-image-113" srcset="https://jo-voss.de/wp-content/uploads/2017/07/Titel_Das_Geheimnis_kl.jpg 197w, https://jo-voss.de/wp-content/uploads/2017/07/Titel_Das_Geheimnis_kl-185x300.jpg 185w, https://jo-voss.de/wp-content/uploads/2017/07/Titel_Das_Geheimnis_kl-148x240.jpg 148w" sizes="(max-width: 197px) 100vw, 197px" /></a><figcaption id="caption-attachment-113" class="wp-caption-text">„Das Geheimnis des Klausners vom Achensee“</figcaption></figure>Aus dem selbstbewussten schlesischen Grafensohn wird durch Schicksalsschläge ein menschenscheuer und zurückgezogen in einer einsamen Hütte lebender Mann.</p>
<p>Dem im Achental auf Urlaub befindlichen pensionierten Kriminalist Marcus Nase, genannt `Riecher´, gelingt es, dass der Klausner ihm seine gesamte Geschichte erzählt. Von der Flucht 1945 aus Schlesien, über seine ihm zugewiesene neue Heimat, seiner Heirat, einem schweren Unfall, einem Feuer, bis zu seiner Ankunft in der Hütte am Achensee.</p>
<p>Dem `Riecher´ lässt diese ans Herz gehende Erzählung keine Ruhe. Er forscht in der Vergangenheit des Einsiedlers nach. Dabei stößt er auf schlimme Fälle von Mobbing und Vorverurteilungen.</p>
<p>Wie wird der Klausner und Pferdefreund mit der Wahrheit fertig werden?</p>
<p>Mehr Informationen zu dem Buch und Bestellmöglichkeiten gibt es <a href="http://dasgeheimnisdesklausnersvomachensee.blogspot.de/" target="_blank">hier</a>.</p>
				</div>
			</div>

				
</div>

<h3>Buchbestellungen</h3>
<p><script type="text/javascript"><!--
amazon_ad_tag="geheimnisachensee-21"; 
amazon_ad_width="300"; 
amazon_ad_height="250"; 
amazon_color_border="FFFFFF"; 
amazon_color_logo="000000"; 
amazon_color_link="A43907"; 
amazon_ad_logo="hide"; 
amazon_ad_link_target="new"; 
amazon_ad_border="hide"; 
amazon_ad_title="Bücher von Joachim Voß"; //--></script><br />
<script src="http://www.assoc-amazon.de/s/asw.js" type="text/javascript"></script></p>

<p>Das Rätsel vom Polenztal Das Geheimnis des Klausners vom Achensee Buchbestellungen</p>
